{"id":318,"date":"2025-10-13T15:09:00","date_gmt":"2025-10-13T18:09:00","guid":{"rendered":"https:\/\/cristolandiaparana.org.br\/?page_id=318"},"modified":"2025-10-14T13:39:57","modified_gmt":"2025-10-14T16:39:57","slug":"de","status":"publish","type":"page","link":"https:\/\/cristolandiaparana.org.br\/index.php\/de\/","title":{"rendered":"DESAFIOS"},"content":{"rendered":"\t\t<div data-elementor-type=\"wp-page\" data-elementor-id=\"318\" class=\"elementor elementor-318\">\n\t\t\t\t<div class=\"elementor-element elementor-element-97d3035 e-flex e-con-boxed e-con e-parent\" data-id=\"97d3035\" data-element_type=\"container\">\n\t\t\t\t\t<div class=\"e-con-inner\">\n\t\t\t\t<div class=\"elementor-element elementor-element-e23f0c0 elementor-widget elementor-widget-image\" data-id=\"e23f0c0\" data-element_type=\"widget\" data-widget_type=\"image.default\">\n\t\t\t\t\t\t\t\t\t\t\t\t\t\t\t<img fetchpriority=\"high\" decoding=\"async\" width=\"1920\" height=\"880\" src=\"https:\/\/cristolandiaparana.org.br\/wp-content\/uploads\/2025\/10\/Capas-Site-5.jpg\" class=\"attachment-full size-full wp-image-322\" alt=\"\" srcset=\"https:\/\/cristolandiaparana.org.br\/wp-content\/uploads\/2025\/10\/Capas-Site-5.jpg 1920w, https:\/\/cristolandiaparana.org.br\/wp-content\/uploads\/2025\/10\/Capas-Site-5-300x138.jpg 300w, https:\/\/cristolandiaparana.org.br\/wp-content\/uploads\/2025\/10\/Capas-Site-5-1024x469.jpg 1024w, https:\/\/cristolandiaparana.org.br\/wp-content\/uploads\/2025\/10\/Capas-Site-5-768x352.jpg 768w, https:\/\/cristolandiaparana.org.br\/wp-content\/uploads\/2025\/10\/Capas-Site-5-1536x704.jpg 1536w\" sizes=\"(max-width: 1920px) 100vw, 1920px\" \/>\t\t\t\t\t\t\t\t\t\t\t\t\t\t\t<\/div>\n\t\t\t\t\t<\/div>\n\t\t\t\t<\/div>\n\t\t<div class=\"elementor-element elementor-element-85d2f7b e-flex e-con-boxed e-con e-parent\" data-id=\"85d2f7b\" data-element_type=\"container\" data-settings=\"{&quot;background_background&quot;:&quot;classic&quot;}\">\n\t\t\t\t\t<div class=\"e-con-inner\">\n\t\t<div class=\"elementor-element elementor-element-d3d9fe8 e-con-full e-flex e-con e-child\" data-id=\"d3d9fe8\" data-element_type=\"container\" data-settings=\"{&quot;background_background&quot;:&quot;classic&quot;}\">\n\t\t\t\t<div class=\"elementor-element elementor-element-082b8e1 elementor-widget elementor-widget-heading\" data-id=\"082b8e1\" data-element_type=\"widget\" data-widget_type=\"heading.default\">\n\t\t\t\t\t<h2 class=\"elementor-heading-title elementor-size-default\">Desafio atual do Paran\u00e1<\/h2>\t\t\t\t<\/div>\n\t\t\t\t<\/div>\n\t\t\t\t\t<\/div>\n\t\t\t\t<\/div>\n\t\t<div class=\"elementor-element elementor-element-15beeec e-flex e-con-boxed e-con e-parent\" data-id=\"15beeec\" data-element_type=\"container\" data-settings=\"{&quot;background_background&quot;:&quot;classic&quot;}\">\n\t\t\t\t\t<div class=\"e-con-inner\">\n\t\t<div class=\"elementor-element elementor-element-32f27a8 e-con-full e-flex e-con e-child\" data-id=\"32f27a8\" data-element_type=\"container\" data-settings=\"{&quot;background_background&quot;:&quot;classic&quot;}\">\n\t\t<div class=\"elementor-element elementor-element-ea75cdd e-con-full e-flex e-con e-child\" data-id=\"ea75cdd\" data-element_type=\"container\">\n\t\t\t\t<div class=\"elementor-element elementor-element-3492fb0 elementor-widget elementor-widget-text-editor\" data-id=\"3492fb0\" data-element_type=\"widget\" data-widget_type=\"text-editor.default\">\n\t\t\t\t\t\t\t\t\t<p>Em 2022, o Brasil registrou <strong data-start=\"121\" data-end=\"206\">201.377 interna\u00e7\u00f5es por transtornos relacionados ao uso de \u00e1lcool e outras drogas<\/strong>, o equivalente a <strong data-start=\"224\" data-end=\"256\">210,5 por 100 mil habitantes<\/strong>, segundo o <strong data-start=\"268\" data-end=\"279\">Datasus<\/strong>.<br data-start=\"280\" data-end=\"283\" \/>Por tr\u00e1s desses n\u00fameros existem hist\u00f3rias de dor, mas tamb\u00e9m de esperan\u00e7a.\u00a0<\/p>\t\t\t\t\t\t\t\t<\/div>\n\t\t\t\t<\/div>\n\t\t<div class=\"elementor-element elementor-element-371da0a e-con-full e-flex e-con e-child\" data-id=\"371da0a\" data-element_type=\"container\">\n\t\t\t\t<div class=\"elementor-element elementor-element-aeec432 elementor-widget elementor-widget-text-editor\" data-id=\"aeec432\" data-element_type=\"widget\" data-widget_type=\"text-editor.default\">\n\t\t\t\t\t\t\t\t\t<p>Nos <strong data-start=\"86\" data-end=\"128\">Centros de Aten\u00e7\u00e3o Psicossocial (Caps)<\/strong>, foram registrados <strong data-start=\"148\" data-end=\"210\">5.098 atendimentos apenas no primeiro quadrimestre de 2025<\/strong>, uma m\u00e9dia de <strong data-start=\"225\" data-end=\"242\">1.275 por m\u00eas<\/strong>, segundo o <strong data-start=\"254\" data-end=\"277\">Minist\u00e9rio da Sa\u00fade<\/strong>.<br data-start=\"278\" data-end=\"281\" \/>Esses n\u00fameros refletem a grande demanda por cuidado e acompanhamento especializado.<\/p>\t\t\t\t\t\t\t\t<\/div>\n\t\t\t\t<\/div>\n\t\t\t\t<\/div>\n\t\t\t\t\t<\/div>\n\t\t\t\t<\/div>\n\t\t<div class=\"elementor-element elementor-element-a94ab5f e-flex e-con-boxed e-con e-parent\" data-id=\"a94ab5f\" data-element_type=\"container\" data-settings=\"{&quot;background_background&quot;:&quot;classic&quot;}\">\n\t\t\t\t\t<div class=\"e-con-inner\">\n\t\t\t\t<div class=\"elementor-element elementor-element-0d65ff1 elementor-widget elementor-widget-image\" data-id=\"0d65ff1\" data-element_type=\"widget\" data-widget_type=\"image.default\">\n\t\t\t\t\t\t\t\t\t\t\t\t\t\t\t<img decoding=\"async\" width=\"768\" height=\"503\" src=\"https:\/\/cristolandiaparana.org.br\/wp-content\/uploads\/2025\/10\/grafico_drogas_curitiba_pizza-768x503.png\" class=\"attachment-medium_large size-medium_large wp-image-343\" alt=\"\" srcset=\"https:\/\/cristolandiaparana.org.br\/wp-content\/uploads\/2025\/10\/grafico_drogas_curitiba_pizza-768x503.png 768w, https:\/\/cristolandiaparana.org.br\/wp-content\/uploads\/2025\/10\/grafico_drogas_curitiba_pizza-300x196.png 300w, https:\/\/cristolandiaparana.org.br\/wp-content\/uploads\/2025\/10\/grafico_drogas_curitiba_pizza-1024x671.png 1024w, https:\/\/cristolandiaparana.org.br\/wp-content\/uploads\/2025\/10\/grafico_drogas_curitiba_pizza-1536x1006.png 1536w, https:\/\/cristolandiaparana.org.br\/wp-content\/uploads\/2025\/10\/grafico_drogas_curitiba_pizza.png 1628w\" sizes=\"(max-width: 768px) 100vw, 768px\" \/>\t\t\t\t\t\t\t\t\t\t\t\t\t\t\t<\/div>\n\t\t\t\t\t<\/div>\n\t\t\t\t<\/div>\n\t\t<div class=\"elementor-element elementor-element-90975b2 e-flex e-con-boxed e-con e-parent\" data-id=\"90975b2\" data-element_type=\"container\" data-settings=\"{&quot;background_background&quot;:&quot;classic&quot;}\">\n\t\t\t\t\t<div class=\"e-con-inner\">\n\t\t\t\t<div class=\"elementor-element elementor-element-00ae25d elementor-widget elementor-widget-text-editor\" data-id=\"00ae25d\" data-element_type=\"widget\" data-widget_type=\"text-editor.default\">\n\t\t\t\t\t\t\t\t\t<p data-start=\"206\" data-end=\"420\">\u00a0<\/p><p data-start=\"206\" data-end=\"420\">Os n\u00fameros mais recentes da <strong data-start=\"234\" data-end=\"286\">Secretaria de Estado da Seguran\u00e7a P\u00fablica (Sesp)<\/strong> revelam um cen\u00e1rio preocupante: o Paran\u00e1 registrou <strong data-start=\"338\" data-end=\"417\">aumento de 50% nas ocorr\u00eancias de uso e consumo de drogas entre 2022 e 2023<\/strong>.<\/p><p data-start=\"422\" data-end=\"702\">Em 2022, foram <strong data-start=\"437\" data-end=\"452\">8.899 casos<\/strong>. J\u00e1 em 2023, o n\u00famero saltou para <strong data-start=\"487\" data-end=\"509\">13.350 ocorr\u00eancias<\/strong> em todo o estado. Apenas nos primeiros meses de <strong data-start=\"558\" data-end=\"566\">2024<\/strong>, at\u00e9 o dia <strong data-start=\"578\" data-end=\"593\">1\u00ba de abril<\/strong>, j\u00e1 foram contabilizados <strong data-start=\"619\" data-end=\"646\">mais de 2 mil registros<\/strong>\u00a0 um indicativo de que o problema continua crescendo.<\/p><p data-start=\"704\" data-end=\"846\">A capital paranaense lidera o ranking, com <strong data-start=\"747\" data-end=\"780\">3.369 ocorr\u00eancias em Curitiba<\/strong>.<\/p><p data-start=\"704\" data-end=\"846\">\u00a0<\/p>\t\t\t\t\t\t\t\t<\/div>\n\t\t\t\t\t<\/div>\n\t\t\t\t<\/div>\n\t\t<div class=\"elementor-element elementor-element-cb430c9 e-flex e-con-boxed e-con e-parent\" data-id=\"cb430c9\" data-element_type=\"container\" data-settings=\"{&quot;background_background&quot;:&quot;classic&quot;}\">\n\t\t\t\t\t<div class=\"e-con-inner\">\n\t\t\t\t<div class=\"elementor-element elementor-element-0382908 elementor-widget elementor-widget-heading\" data-id=\"0382908\" data-element_type=\"widget\" data-widget_type=\"heading.default\">\n\t\t\t\t\t<h2 class=\"elementor-heading-title elementor-size-default\">Nos ajude a mudar essa realidade!<\/h2>\t\t\t\t<\/div>\n\t\t\t\t\t<\/div>\n\t\t\t\t<\/div>\n\t\t<div class=\"elementor-element elementor-element-814b8cb e-flex e-con-boxed e-con e-parent\" data-id=\"814b8cb\" data-element_type=\"container\" data-settings=\"{&quot;background_background&quot;:&quot;classic&quot;}\">\n\t\t\t\t\t<div class=\"e-con-inner\">\n\t\t\t\t<div class=\"elementor-element elementor-element-fe320d6 elementor-align-center elementor-widget elementor-widget-button\" data-id=\"fe320d6\" data-element_type=\"widget\" data-widget_type=\"button.default\">\n\t\t\t\t\t\t\t\t\t\t<a class=\"elementor-button elementor-button-link elementor-size-sm\" href=\"https:\/\/contribua.pibcuritiba.org.br\/produtos\/paginaproduto\/147\">\n\t\t\t\t\t\t<span class=\"elementor-button-content-wrapper\">\n\t\t\t\t\t\t<span class=\"elementor-button-icon\">\n\t\t\t\t<svg aria-hidden=\"true\" class=\"e-font-icon-svg e-fas-arrow-right\" viewBox=\"0 0 448 512\" xmlns=\"http:\/\/www.w3.org\/2000\/svg\"><path d=\"M190.5 66.9l22.2-22.2c9.4-9.4 24.6-9.4 33.9 0L441 239c9.4 9.4 9.4 24.6 0 33.9L246.6 467.3c-9.4 9.4-24.6 9.4-33.9 0l-22.2-22.2c-9.5-9.5-9.3-25 .4-34.3L311.4 296H24c-13.3 0-24-10.7-24-24v-32c0-13.3 10.7-24 24-24h287.4L190.9 101.2c-9.8-9.3-10-24.8-.4-34.3z\"><\/path><\/svg>\t\t\t<\/span>\n\t\t\t\t\t\t\t\t\t<span class=\"elementor-button-text\">Seja nosso parceiro <\/span>\n\t\t\t\t\t<\/span>\n\t\t\t\t\t<\/a>\n\t\t\t\t\t\t\t\t<\/div>\n\t\t\t\t<div class=\"elementor-element elementor-element-d2e57a3 elementor-widget elementor-widget-spacer\" data-id=\"d2e57a3\" data-element_type=\"widget\" data-widget_type=\"spacer.default\">\n\t\t\t\t\t\t\t<div class=\"elementor-spacer\">\n\t\t\t<div class=\"elementor-spacer-inner\"><\/div>\n\t\t<\/div>\n\t\t\t\t\t\t<\/div>\n\t\t\t\t\t<\/div>\n\t\t\t\t<\/div>\n\t\t\t\t<\/div>\n\t\t","protected":false},"excerpt":{"rendered":"<p>Desafio atual do Paran\u00e1 Em 2022, o Brasil registrou 201.377 interna\u00e7\u00f5es por transtornos relacionados ao uso de \u00e1lcool e outras drogas, o equivalente a 210,5 por 100 mil habitantes, segundo o Datasus.Por tr\u00e1s desses n\u00fameros existem hist\u00f3rias de dor, mas tamb\u00e9m de esperan\u00e7a.\u00a0 Nos Centros de Aten\u00e7\u00e3o Psicossocial (Caps), foram registrados 5.098 atendimentos apenas no [&hellip;]<\/p>\n","protected":false},"author":2,"featured_media":0,"parent":0,"menu_order":0,"comment_status":"closed","ping_status":"closed","template":"elementor_header_footer","meta":{"footnotes":""},"class_list":["post-318","page","type-page","status-publish","hentry"],"_links":{"self":[{"href":"https:\/\/cristolandiaparana.org.br\/index.php\/wp-json\/wp\/v2\/pages\/318","targetHints":{"allow":["GET"]}}],"collection":[{"href":"https:\/\/cristolandiaparana.org.br\/index.php\/wp-json\/wp\/v2\/pages"}],"about":[{"href":"https:\/\/cristolandiaparana.org.br\/index.php\/wp-json\/wp\/v2\/types\/page"}],"author":[{"embeddable":true,"href":"https:\/\/cristolandiaparana.org.br\/index.php\/wp-json\/wp\/v2\/users\/2"}],"replies":[{"embeddable":true,"href":"https:\/\/cristolandiaparana.org.br\/index.php\/wp-json\/wp\/v2\/comments?post=318"}],"version-history":[{"count":10,"href":"https:\/\/cristolandiaparana.org.br\/index.php\/wp-json\/wp\/v2\/pages\/318\/revisions"}],"predecessor-version":[{"id":350,"href":"https:\/\/cristolandiaparana.org.br\/index.php\/wp-json\/wp\/v2\/pages\/318\/revisions\/350"}],"wp:attachment":[{"href":"https:\/\/cristolandiaparana.org.br\/index.php\/wp-json\/wp\/v2\/media?parent=318"}],"curies":[{"name":"wp","href":"https:\/\/api.w.org\/{rel}","templated":true}]}}